et h = 9045 - 8880. What is the remainder when h is divided by 31?
10
Suppose -3*b = -5*k - 4615, -219*k + 218*k = -2*b + 3058. What is the remainder when b is divided by 257?
240
Let r(n) = n**3 + 80*n**2 - 442*n - 191. Calculate the remainder when r(-85) is divided by 140.
134
Suppose 0 = -0*v - 2*v + 4*d + 696, -4*v - 2*d = -1392. Let h = -335 + v. What is the remainder when 80 is divided by h?
2
Let d(v) = v - 3. Let z be d(3). What is the remainder when (z - 2)/((-2)/25) is divided by 11/(429/(-182))*(-6)/4?
4
Let t(n) = -5*n - 4*n - 20 + 5*n + 2*n. What is the remainder when 97 is divided by t(-20)?
17
Suppose -238 = -h - 2*z, 4*h + 3*z = 3*h + 237. What is the remainder when h is divided by 43*1 + 16 + -10?
44
Suppose 96*q - 93*q - 12 = 0. Calculate the remainder when 128 is divided by q*(4 + 125/10).
62
Suppose 0 = 8*d - 66*d + 837 + 439. What is the remainder when ((-58)/(-4) - 0)*6 is divided by d?
21
Let v(s) = -s**3 - 13*s**2 + 2. Let b be v(-13). Suppose 115 = -3*h + 130. What is the remainder when 168/b - ((-36)/(-4) - h) is divided by 18?
8
Suppose 118*g + 1675 - 8047 = 0. What is the remainder when 93 is divided by g?
39
Let c = 73 + -79. Let s be (c - 0)/((-2)/(-4) - 2). Calculate the remainder when 34 is divided by ((-30)/(-7) - s) + 61/7.
7
Suppose -97 = -2*x - 5*w, 3*w + 84 = 2*x - 37. Calculate the remainder when 1056 is divided by x.
48
Let m(h) = -231*h - 10. Let q be m(1). Let v = q - -348. What is the remainder when v is divided by 13?
3
Let g(f) = 182*f**2 + 181*f + 183. What is the remainder when g(-1) is divided by 38?
32
What is the remainder when 723 is divided by 90/195 + (-12320)/(-65)?
153
Let m(x) = -2*x**2 - 3*x**2 + 5*x**2 - 31*x - 10 - 2*x**2. Calculate the remainder when 180 is divided by m(-15).
0
Let x(g) be the first derivative of 10*g**2 - 226*g + 156. Calculate the remainder when 148 is divided by x(14).
40
What is the remainder when (-135)/18*184/(-10) is divided by 12?
6
Let q(l) = -l**3 - 29*l**2 - 53*l + 27. Let d be q(-27). Suppose -3*j + 5*x = -35 - d, 0 = 3*j - 3*x - 39. What is the remainder when 70 is divided by j?
10
Suppose 4*n - 200 = -0*n + 3*o, 150 = 3*n - 5*o. Suppose -14*i + n = -62. Calculate the remainder when 75 is divided by i.
3
Let r(w) = -12*w - 90. Let c = -39 - 3. Let d = 85 + c. Calculate the remainder when r(-18) is divided by d.
40
Let l(d) = -3*d**2 + 32*d + 29. Let g be l(11). Suppose g*y = 28 + 134. What is the remainder when (-74)/(-3) - (-1)/3 is divided by y?
7
Let h(d) = -14*d**3 + 3*d**2 - 45*d - 311. What is the remainder when h(-4) is divided by 224?
141
Let z(v) = 20*v**2 - 13*v - 2. What is the remainder when 1905 is divided by z(-1)?
14
Let h = 96159 - 96055. Calculate the remainder when h is divided by (-2 - -16) + 0/2.
6
Suppose 6766 = 13*t + 370. Suppose 29*s = -12*s + t. Calculate the remainder when 167 is divided by s.
11
Suppose 1970 = 2*k - 2*h, -60*k = -57*k + h - 2939. Calculate the remainder when k is divided by 82.
79
Let i = -22 - 1. Let q = -22 - i. Let s = 113 - 107. What is the remainder when s is divided by q?
0
Suppose 0*x + 397 = 2*x + y, 182 = x + 6*y. Calculate the remainder when x is divided by 190.
10
Let a(i) = 34*i - 45. Let u = 182 - -155. Suppose -2*j + 3*h = -4*j + 228, u = 3*j + 2*h. What is the remainder when j is divided by a(3)?
54
Suppose -3*i + c + 34 + 23 = 0, 0 = 5*i + 6*c - 118. What is the remainder when 48 is divided by i?
8
Suppose -2*z - 337 = -h, -73*h + 68*h = 2*z - 1697. Calculate the remainder when h is divided by 18.
15
What is the remainder when 1708 is divided by 82 + -77 + 1/(-1)*(-847 + 3)?
10
Suppose 3*y = -0*y + 21. Let a = 0 + y. What is the remainder when a is divided by (42/105)/((-4)/5)*-6?
1
Let a be -296*7*5/70. Let f = -78 - a. What is the remainder when f is divided by 12?
10
Let p = 10454 - 10251. Calculate the remainder when p is divided by 43.
31
Suppose 0 = -g - 4*m + 158, 5*g - 736 = -4*m + 2*m. Suppose g*w - 142*w = 204. What is the remainder when 96 is divided by w?
45
Let p(m) = 19*m**2 + 381*m - 244. Calculate the remainder when p(-26) is divided by 77.
76
Let d(i) = 6*i**2 - 7*i + 17. Let f be d(3). Let p = f - 6. Let j = p + -38. What is the remainder when j is divided by 3?
0
Let y = 64 - 64. Suppose -4*j + 3*r + 12 + 109 = 0, y = 3*j + 2*r - 112. Calculate the remainder when 67 is divided by j.
33
Suppose -5*x + 7 = -3. Suppose 2*q - 21 = -3*f, -f = 4*q + x*f - 33. Let d(c) = c**3 - 8*c**2 - 7*c + 78. Calculate the remainder when d(8) is divided by q.
4
Let a(c) = -35*c + 850. What is the remainder when (13/1)/(1/23) is divided by a(24)?
9
Let n be (-2)/(-8) + 147/4. Suppose -36*a - 1 = -n*a. What is the remainder when (-5*(-5 - -1))/2 is divided by a?
0
Suppose -2*x + 3*g = -306, 22*x - g - 791 = 17*x. Let o = 83 - 29. What is the remainder when x is divided by o?
51
Calculate the remainder when 258 is divided by (-1360)/(-68) - (14 - 2).
2
Let g(l) = -55*l - 2. Let m(h) = -3*h**2 + 25*h - 9. Let n be m(8). Calculate the remainder when 317 is divided by g(n).
52
Let j(a) = -35*a - 105. Let o be j(-3). Suppose z + 4*d - 56 = o, 3*d - 4 = 5. What is the remainder when z is divided by 1/2 + 17/2?
8
What is the remainder when ((-1071)/12)/((-11)/(-4) - 3) is divided by 1076/18 + 4/18?
57
Let k(q) = 566*q + 277. Calculate the remainder when k(3) is divided by 104.
103
Let a be 0/14*(-1)/(-3). Suppose a*b - 99 = -3*k - 3*b, 3*b - 9 = 0. Calculate the remainder when 117 is divided by k.
27
Let b = 24182 - 15714. What is the remainder when b is divided by 43?
40
Suppose -7*f - 564 - 31 = 0. Calculate the remainder when (-1648)/(-10) - 17/f is divided by 45.
30
Calculate the remainder when 1702 is divided by 605*(2 + 1 - -4 - (-99)/(-15)).
8
Let l(u) = u**2 - 9*u - 304. Let n be l(22). Let v = 23 + 1. Calculate the remainder when v is divided by (-4)/n - ((-559)/117 - 9).
10
Suppose 16287 = 4*p + q + 3098, -3*p + 4*q + 9906 = 0. What is the remainder when p is divided by 50?
48
Let s = -150 + 150. Suppose -2*k = 4, s = 2*p + 4*k - 7*k - 48. What is the remainder when 182 is divided by p?
14
Let v = 254 + -239. Let u be ((-4)/(-12))/(1/6). Suppose k - 3*g = 30, -g = 7*k - u*k - 134. What is the remainder when k is divided by v?
12
Let z(s) = 24*s**2 + 51*s + 70. Let m(j) = -11*j**2 - 26*j - 36. Let v(q) = 13*m(q) + 6*z(q). Calculate the remainder when 216 is divided by v(34).
16
Suppose 0 = 677*l - 646*l - 13888. Calculate the remainder when l is divided by 18.
16
Let u(v) = -v**2 + 4*v + 13. Let p be u(6). Let t = 43 + -25. What is the remainder when (-2*(-6 + 57))/(p + -3) is divided by t?
15
Let f(s) be the first derivative of 2*s**3/3 - 23*s**2 + 9*s - 45. Calculate the remainder when 284 is divided by f(23).
5
Suppose 4*i + 5 = 9*i, 5 = -d - 2*i. Let t = 27 + d. Calculate the remainder when t is divided by 13.
7
Let p(d) = 16*d - 46. Suppose 0 = -30*m + 696 + 5094. Calculate the remainder when m is divided by p(6).
43
Let i = 70 - 55. Suppose -4*w = -2*o - w - 57, 5*w + 95 = -3*o. What is the remainder when i is divided by o/(-8) - (-3)/12?
3
Suppose -3*w = -95 - 34. Let x = w - -2. Calculate the remainder when 178 is divided by x.
43
Calculate the remainder when 81 is divided by (-3)/(4/588*-7).
18
Let b be (-1)/1*(16 - 22). Suppose -u = -b*u - 1095. Let h = -113 - u. Calculate the remainder when h is divided by 12.
10
Let v(f) = f**3 + 10*f**2 + 19*f + 51. Suppose 14 = -3*n + 56. What is the remainder when v(-5) is divided by n?
11
Let m be (22/2)/((42/(-18))/(-7)). Suppose -m*n - 75 = -36*n. Calculate the remainder when 99 is divided by n.
24
Suppose -5*l + 6*z = 7*z + 5530, 5*z = 2*l + 2239. Let j = -532 - l. Calculate the remainder when j is divided by 36.
35
Suppose 9*q = q. Suppose -h = -q*h, -5*s + 335 = -h. What is the remainder when s is divided by 22?
1
Let l = 223 - 139. Let z be (0 - 128/6) + (-56)/l. Let y(f) = -5*f - 31. Calculate the remainder when y(z) is divided by 27.
25
Let k = -258 + 582. What is the remainder when k is divided by 218?
106
Let n(b) be the first derivative of -110*b**2 + 13. Let f be n(-1). Suppose 11*p - f = 7*p. What is the remainder when p is divided by 19?
17
Calculate the remainder when 2 - (-4)/16*1468 is divided by 31.
28
Let b be (2 + -1)/(-2 - 